e of 2 + -2 + (12 - ((16 - 15) + 4))?
7
What is 22 + -36 - 3 - -7?
-10
Calculate -14 - (5 - 15) - (15 - 15).
-4
Evaluate 9 + -5 - (1 - 0) - (1 - 6).
8
What is 7 + -2 + (1 - -6) - 4?
8
What is the value of (1 - 14) + (14 - 14) + 0?
-13
(4 - (6 + 5 + -7) - -7) + -8
-1
What is -8 + -6 + 1 - (-16 + -15)?
18
Calculate 8 - (12 + 28 + -13) - 11.
-30
(-216 - -201) + 0 + 26
11
(10 - 3) + 86 + -102
-9
Evaluate -2 - (1 + (10 + -4 + 1 - 2)).
-8
What is 3 + -4 + 2 - (-14 + 13)?
2
What is -2 - -16 - (262 + -246)?
-2
Evaluate -1 - (2 + -10) - (-133 + 137).
3
Evaluate 31 + (1 - (-7 + 64)).
-25
Evaluate -15 - -2 - (-222 - -200).
9
Calculate 13 - (30 - 7) - (1 - (-1 - -7)).
-5
Calculate 11 - (9 + 3) - (-21 + 7) - 4.
9
What is the value of 17 - (-2 - -5 - (3 - -1))?
18
Evaluate 24 - (-10 - (17 - 19) - (-1 - 6)).
25
Evaluate (2 - (7 + -15 + 9)) + -9.
-8
(-7 - (3 - -2)) + 11 + -6
-7
Evaluate 1 - (0 + 0 - 22 - (809 + -820)).
12
(13 - 19 - -14) + -11 - 7
-10
What is the value of -11 + (-2 - 6) + 30?
11
13 + 6 + 7 + -16 + -3 + 6
13
Evaluate (19 - 2) + (-500 - -486).
3
Evaluate -13 - (1 + 3 + (92 - 76)).
-33
What is (41 - 10) + 0 + -1?
30
What is 5 - (2 + 8) - ((6 - 2) + 7)?
-16
Calculate (4 - -10) + -21 + -7.
-14
What is 11 + -9 + (-10 - -11) - -7?
10
Evaluate (4 - (-5 + (13 - 8) - 0)) + -9.
-5
Calculate -13 + (32 - (12 + 2)).
5
(-1 - -1 - (0 + 5)) + (-517 - -491)
-31
Calculate (-16 + 15 - (-1 - (2 + -4))) + -6.
-8
What is 895 + -859 - (54 + -2)?
-16
Evaluate (-1 - 1) + 8 + (13 - 11) - -1.
9
Evaluate (63 + -63 - (-20 + (-2 - -3))) + -5.
14
6 - 2 - (-52 + 48)
8
Calculate -15 + 27 + 0 + 1.
13
-10 - (5 + (2 - 10))
-7
What is (4 + -12 - -10) + -11?
-9
Evaluate 7 + 0 + (-27 - (29 + -61)).
12
Evaluate -4 + (4 - (-69 + 69 + (30 - -1))).
-31
Evaluate 0 + -24 + 4 + (-6 - -14).
-12
-4 + (5 - ((46 - 40) + 0 + 0))
-5
What is the value of -11 - -7 - ((3 - 12) + -1 + 5)?
1
Calculate (44 - 18 - 60) + (8 + 1 - 1).
-26
(4 - -1) + (-1 - 2 - (-25 + 52))
-25
Calculate 0 + 39 + (-1 - ((20 - 10) + -10)).
38
What is the value of 5 - (-2 - (5 + -2) - (2 + -20))?
-8
Calculate (2 - 22) + (10 - (5 + -14 + 22)).
-23
What is 8 + (4 - 5) + 0 + -10?
-3
Calculate 0 + -3 + -8 + 2 + (-6 - -12).
-3
Calculate 213 + -207 + 1 + (0 - -3).
10
Evaluate 10 + -3 + -14 + (10 - -9).
12
What is 34 + 27 + -62 + -2?
-3
What is (3 + (-4 - (0 + 2)) - 8) + 2?
-9
What is 2 + (0 - -1 - (-6 - -11) - 1)?
-3
What is the value of 4 - (5 + 2) - (-7 + 12 + 0)?
-8
What is -3 - -8 - 8 - (-2 - -10)?
-11
What is the value of 2 + (-9 + 6 - 3)?
-4
What is (-18 - (-26 + 8)) + (0 - -15)?
15
What is -32 - -25 - 3 - 1?
-11
What is 4 + (14 - (8 + 3)) + -28?
-21
Evaluate (292 - 272) + 0 + -14.
6
Evaluate (8 - (-10 - -5 - -40)) + 2 - -7.
-18
Evaluate (-12 + -3 - -3 - 0) + 8.
-4
Evaluate 8 + -48 + 10 + 55.
25
What is the value of (7 - -69) + -14 + -45?
17
(-2 - (-1 - -18)) + (-33 - (1 + -40))
-13
Calculate 3 + 6 + (-16 - 2) + 16.
7
What is the value of -33 - -33 - (-17 + 0)?
17
Evaluate (17 - 0) + (-17 - 17 - -11).
-6
Evaluate 3 - 7 - (-17 - (-6 + -3 + 6)).
10
Evaluate -56 - -65 - (22 + 1).
-14
What is (123 - 115) + (2 + -1 - (6 - -2))?
1
Calculate -2 + 0 - ((-13 - -4) + 23).
-16
Calculate -13 + (-24 - -48) - (-4 + 17).
-2
9 + -1 - ((-9 - -41) + -26)
2
What is the value of -62 + (-45 - -163) - (19 - 0)?
37
What is -3 - (0 - (2 + -9 + 1))?
-9
Evaluate (0 - ((1 - 2) + 2)) + 233 + -235.
-3
4 - (0 + 5 + -11 + -1)
11
What is (0 - -7 - 21 - -7) + -5 + -1?
-13
Evaluate 7 + -6 + (28 - (-7 + 20)).
16
Calculate -90 + 94 - (-1 + 2 + -1 + -21).
25
Calculate -36 + -3 + (124 - 119).
-34
(38 - (22 - -3)) + 19
32
What is the value of (-8 - -7) + 3 + 0 + (21 - 26)?
-3
1 - (1 + -2) - (84 + -79)
-3
-7 + 13 - -3 - -2
11
-31 - (31 + (9 - 103))
32
What is 3 - (12 - -25 - 15)?
-19
Evaluate 0 - 2 - (-26 + 12 - -12).
0
Evaluate 6 + -3 + (-26 - -27) + -12.
-8
-23 + 29 - (-1 - 1 - -2)
6
What is 0 - -2 - (1 + -4 + -3 + 14)?
-6
-38 + (-24 - 6 - -44)
-24
-7 + (10 - 28) + 9
-16
Evaluate -1 - ((-3 - (-2 - 1)) + -6).
5
What is the value of -14 + (2 - (-22 + 16)) - -19?
13
(-7 - 1) + (11 - 4 - 7) - -29
21
What is (31 - 29) + -23 + 29?
8
Calculate -94 + 100 + (9 - 2).
13
What is -13 + (-2 - -40) - 25?
0
0 + 12 + -8 + (0 - -1)
5
What is 0 + (2 - -2) + 1 + (-7 - -16)?
14
Evaluate -7 + -6 + (-11 - -14) + -2 + 1.
-11
Evaluate -86 + 87 + (-4 - -8).
5
What is 15 - (15 + 13) - 0?
-13
What is 0 + (-2 - 2 - 4)?
-8
What is (-1 - ((-6 - -15) + -3 + 8)) + 8?
-7
(-1 - -14 - -7) + -8
12
Calculate -41 + -4 + (35 - 16).
-26
Evaluate (-2 - (3 + -4) - -13) + 8.
20
What is 1 + (-3 - -4) - (6 - (-7 - -4))?
-7
What is (7 + 35 - 15) + 9?
36
Calculate -198 - -213 - (0 - -22).
-7
What is the value of (9 - -15) + 15 + -29?
10
What is the value of -80 + 67 - (1 - 2)?
-12
Evaluate 15 + (-21 - -29) + -9.
14
What is 18 + 0 + 1 + 0?
19
Calculate -14 - (-9 + -19 + 14).
0
19 - (9 - (-4 - -3 - (-7 - 0)))
16
What is the value of 22 - (10 - (24 + -30))?
6
What is the value of 55 + -50 - (-14 - -15 - (-1 - -3))?
6
Evaluate 2 + 9 + -5 + -19 + 3 + 1.
-9
Calculate 2 + (-5 - 0) + -21 + -21 + 52.
7
What is (-6 - -9 - 4) + (0 - -1) - -4?
4
What is the value of 1 - 0 - 1 - (374 - 372)?
-2
Calculate 16 + -8 + 14 - 39.
-17
Calculate -2 + -5 + (33 - (-1 - -2)).
25
What is the value of -119 + 94 - (3 + -54)?
26
What is the value of (1 - (-2 - -1)) + -74 + 81 + -7?
2
Calculate -11 + 5 - ((4 - 13) + 15).
-12
Calculate 0 - 0 - (31 - (-6 - -38)).
1
Evaluate -1 + 14 + (6 - (11 + 12)).
-4
What is 25 + (-45 - -32 - (1 + -1))?
12
(-6 - -2) + 31 + (-6 - -1) + 0
22
Calculate -2 + 28 - (-135 - -147).
14
Calculate 6 + 7 + -9 + -1 + 1.
4
-106 + 101 - (4 - (-8 + 5 + 6))
-6
Calculate -11 + (-17 - -14) - (-3 - -1).
-12
Evaluate 11 + -3 - (8 + (-2 - 1)).
3
Calculate 21 + -23 + 2 - 5.
-5
What is the value of -25 - (1 + -1 - 15)?
-10
-8 + 2 + -1 - (18 - (-16 - -38))
-3
Evaluate (-42 + 4 - 5) + 25.
-18
-4 + 9 - (2 + -8)
11
8 + -44 + 28 + (-1 - -15)
6
-12 - (-17 + (-1 - 13)) - -1
20
What is the value of -5 - (2 + -9 + 5)?
-3
Evaluate 14 + (0 - 10) + -10 + 16.
10
Evaluate (12 - (-22 - -31)) + (-2 - -10) + 14.
25
Calculate (0 - -8) + (-132 - -118).
-6
Calculate 2 + 1 + (6 - -15 - 46).
-22
Calculate 26 - ((-21 - -30) + 13).
4
Evaluate -12 + (-2 - 1 - (371 - 371)).
-15
Evaluate -8 - (2 - (8 + 10)) - (3 + 22).
-17
-5 + 1 + (3 - -3 - 2) + 2
2
What is the value of (0 - 0 - -2) + (69 - 84)?
-13
Calculate 2 + 14 + (-36 - -10).
-10
0 + (-8 - -2 - -20) + 11
25
What is (1 - 16) + (-1091 - -1113)?
7
What is (-4 - 31) + -32 + 47?
-20
8 + (-32 - 11 - -31)
-4
What is -8 - (-2 - -9) - (-11 + 3)?
-7
Evaluate -5 + (0 - 1 - (3 + 0 - -2)).
-11
(37 - 29 - (-6 + 2)) + (3 - 4)
11
-30 - (-14 + -26 + 4)
6
Calculate (-1 - (8 + -24 + 11)) + -18.
-14
Evaluate -3 - 1 - (3 + -2) - (-194 - -190).
-1
What is 25 - 62 - -44 - (1 - 3)?
9
(-16 - -7) + -20 + 48
19
What is the value of 13 + (-16 - -1) + 2 + 1?
1
Calculate (20 - (-23 - -25)) + 0 + -9 + -28.
-19
2 + -6 + 3 - (10 - (4 - -4))
-3
What is -23 - (0 - ((-4 - (-7 - -9)) + 10))?
-19
What is 35 + 4 + -33 + (-1 - 4)?
1
What is (-3 - -4) + 2 - 2?
1
Evaluate 14 + -27 - ((6 - 43) + 9).
15
What is -30 + -1 - (5 - (3 + -3 + 10))?
-26
Calculate 6 + ((-7 - (-1 - 7)) + -6 - 1).
0
Evaluate (-6 - -1) + -34 + 26 + 0.
-13
16 + (-3 - 40) - -46
19
What is the value of (47 - 11 - 32) + -26?
-22
-18 - (35 + -40) - (-1 + 7)
-19
Evaluate -21 - 1 - (-9 + 13 + -12).
-14
Evaluate -1 - ((-13 - -18) + -18).
12
What is 5 + 1 + (-1 - (-6 + 17))?
-6
What is the value of (5 - 2) + (7 - 5) + 1 + 4?
10
What is the value of (8 - 35) + (-167 - -218)?
24
What is the value of 8 - 2 - (34 + -26) - (-5 + -1)?
4
Evaluate -9 + (-8 - -2) - -9 - -4.
-2
What is 10 + 3 - (43 - 45)?
15
Calculate -20 + -8 + (55 - 21).
6
Evaluate -14 - ((9 - 21) + 2 + 3).
-7
Evaluate -1 + -3 + (-21 - -4 - -14).
-7
What is -27 + 21 + -16 + -1 - (-9 - 3)?
-11
Calculate -3 + (-8 - -6) - -5 - -2.
2
Calculate 34 + -33 - (-10 + 25).
-14
Evaluate (-1 - -6 - (-64 - -67)) + -2.
0
What is 3 - (20 + 2 + -14) - -2?
-3
What is -10 - 9 - -10 - (7 + (9 - 11))?
-14
0 - 0 - (-4 - 4 - -12) - -4
0
-8 - (-1 - (-5 - -7) - (-1 - 0))
-6
Evaluate (2 - 10) + 6 + (-4 - -9) + -3.
0
What is the value of (-26 - -50) + -22 + -10?
-8
Evaluate -2 - 1 - (0 + (2 - -6 - 9)).
-2
7 - (-9 + 24 + -23)
15
Evaluate -3